{"id":593,"date":"2011-05-18T20:52:53","date_gmt":"2011-05-18T18:52:53","guid":{"rendered":"http:\/\/www.brfbellevue.se\/?page_id=593"},"modified":"2011-05-18T20:53:10","modified_gmt":"2011-05-18T18:53:10","slug":"renoveringsatgarder","status":"publish","type":"page","link":"http:\/\/www.brfbellevue.se\/?page_id=593","title":{"rendered":"Renoverings\u00e5tg\u00e4rder"},"content":{"rendered":"<p>En representant kommer ifr\u00e5n m\u00e4klaren och g\u00f6re en besiktning och l\u00e4mnar f\u00f6rslag till styrelsen p\u00e5 renoverings \u00e5tg\u00e4rder som han anser sig b\u00f6r g\u00f6ras innan l\u00e4genheten l\u00e4ggs ut p\u00e5 f\u00f6rs\u00e4ljning.<\/p>\n<p>Vid n\u00e4sta styrelsem\u00f6te fattar styrelsen beslut om \u00e5tg\u00e4rder skall g\u00f6ras och i s\u00e5 fall vilka.<\/p>\n<p>&nbsp;<\/p>\n","protected":false},"excerpt":{"rendered":"<p>En representant kommer ifr\u00e5n m\u00e4klaren och g\u00f6re en besiktning och l\u00e4mnar f\u00f6rslag till styrelsen p\u00e5 renoverings \u00e5tg\u00e4rder som han anser sig b\u00f6r g\u00f6ras innan l\u00e4genheten l\u00e4ggs ut p\u00e5 f\u00f6rs\u00e4ljning. Vid [&hellip;]<\/p>\n","protected":false},"author":1,"featured_media":0,"parent":582,"menu_order":1,"comment_status":"open","ping_status":"open","template":"page-altleft.php","meta":{"footnotes":""},"_links":{"self":[{"href":"http:\/\/www.brfbellevue.se\/index.php?rest_route=\/wp\/v2\/pages\/593"}],"collection":[{"href":"http:\/\/www.brfbellevue.se\/index.php?rest_route=\/wp\/v2\/pages"}],"about":[{"href":"http:\/\/www.brfbellevue.se\/index.php?rest_route=\/wp\/v2\/types\/page"}],"author":[{"embeddable":true,"href":"http:\/\/www.brfbellevue.se\/index.php?rest_route=\/wp\/v2\/users\/1"}],"replies":[{"embeddable":true,"href":"http:\/\/www.brfbellevue.se\/index.php?rest_route=%2Fwp%2Fv2%2Fcomments&post=593"}],"version-history":[{"count":2,"href":"http:\/\/www.brfbellevue.se\/index.php?rest_route=\/wp\/v2\/pages\/593\/revisions"}],"predecessor-version":[{"id":596,"href":"http:\/\/www.brfbellevue.se\/index.php?rest_route=\/wp\/v2\/pages\/593\/revisions\/596"}],"up":[{"embeddable":true,"href":"http:\/\/www.brfbellevue.se\/index.php?rest_route=\/wp\/v2\/pages\/582"}],"wp:attachment":[{"href":"http:\/\/www.brfbellevue.se\/index.php?rest_route=%2Fwp%2Fv2%2Fmedia&parent=593"}],"curies":[{"name":"wp","href":"https:\/\/api.w.org\/{rel}","templated":true}]}}